r when z is divided by b.
0
Let g(s) = s**2 - 5*s - 10. Let a(w) = -w + 1. Let u be a(-6). What is the remainder when 1 + (-1 + -9)/(-1) is divided by g(u)?
3
Suppose -3*i + 2*c - 27 = -153, -135 = -3*i + 5*c. Calculate the remainder when i is divided by 11.
7
Suppose 4*c - 37 = g + 11, 2*c + 4*g - 24 = 0. What is the remainder when 1/1 - 43/(-1) is divided by c?
8
Let w = -53 - -83. Calculate the remainder when w is divided by 11.
8
Suppose 5*y - 40 = 4*k, -6*k + 3*k = 0. Let m = y - 3. Calculate the remainder when 14 is divided by m.
4
Suppose v = 6*v - 135. Suppose -c = 3*l - v, 0 = -5*l - 1 + 6. Calculate the remainder when c is divided by 13.
11
Suppose t - 39 = -3*j, -5*j + 2*j = -3*t + 129. Suppose 4*o - 39 = -2*p - 7, 3*p = -3*o + t. What is the remainder when 21 is divided by p?
9
Let q be -4 + (2 - 3 - -3). Let x(c) = -c**3 + 9*c**2 - 5*c + 7. What is the remainder when x(8) is divided by (-11)/q*(-2)/(-1)?
9
Let h = -30 + 47. Calculate the remainder when h is divided by 3/((-9)/3)*-5.
2
Let a be (-6)/(-1)*18/4. Let d = 43 - a. Suppose -4*h - 4*u + 136 = 0, 0*h - 3*h + 82 = -2*u. Calculate the remainder when h is divided by d.
14
Let p(v) = 2*v**2 + 6*v + 10. Let w = -23 - -75. What is the remainder when w is divided by p(-4)?
16
Let i(n) = n**3 + 7*n**2 - n - 7. Let y be i(-7). Suppose 0 = -3*k - 5*z + 3*z, 0 = 2*z. Suppose -w + 3 + k = y. Calculate the remainder when 3 is divided by w.
0
Suppose 2*w - 3*b - 11 = 0, 0 = -3*b - b + 4. Let m(h) = h**2 - 4*h + 10. What is the remainder when m(w) is divided by 11?
9
Suppose -2*m - 15 = k, k - 3*k = 3*m + 29. Let r(t) = 2*t + 18. Let p be r(k). Let d = 18 + p. What is the remainder when 38 is divided by d?
8
Let j(q) = -12*q**3 + q**2 - q - 1. Calculate the remainder when 49 is divided by j(-1).
10
Let o(d) = d**3 - 5*d**2 + d. Let i be o(4). Let l be i/(-15)*5/2. Suppose -7*j = -l*j - 105. Calculate the remainder when j is divided by 11.
10
Suppose -4*f = f - 30. Let d(o) = -o**2 - 15*o - 15. What is the remainder when d(-13) is divided by f?
5
Let t = 10 - 10. What is the remainder when 13 is divided by -1 + 4 - (t + -2)?
3
Let q(x) = -21 + 10 - x**3 + 3*x + 5*x**2 + 2 + 3*x**2. Suppose 3*u = -2*k + 22, 5*k + 5 = 3*u - 24. Calculate the remainder when 29 is divided by q(u).
14
Let m(n) = 5*n**2 + 3*n - 11. What is the remainder when m(4) is divided by 28?
25
Let d(o) = -o**2 - 7*o - 4. Let q(j) = j - 2. Calculate the remainder when d(-5) is divided by q(4).
0
Let w(h) = 3*h**2 - 3*h - 2. Suppose 0 = -5*f + 3*f - 3*c - 6, f + 5*c = -17. What is the remainder when 47 is divided by w(f)?
15
Let b = 9 - 2. Suppose -2*s - b*h + 2*h = -75, -2*h = -2*s + 68. Calculate the remainder when s is divided by 1/1*(1 - -11).
11
Suppose -48 = -v - 2. What is the remainder when v is divided by 17?
12
Let h = 5 - 1. Calculate the remainder when 38 is divided by ((-13)/h)/((-1)/4).
12
Let i(q) = q**2 - 2*q - 2. Let g(c) = -13*c - 5. What is the remainder when g(-7) is divided by i(6)?
20
Let c be 0 - (0 - (-1 + 2)). Suppose -q + 24 = -c. What is the remainder when q is divided by 9?
7
What is the remainder when 21 is divided by 380/57*9/5?
9
Let f(v) = 3*v - 3. Let n be 1/4 - (-38)/8. Let u be f(n). Suppose 5*t = 23 + u. Calculate the remainder when 13 is divided by t.
6
Let y = 24 + -10. Let x = y + -2. Calculate the remainder when 21 is divided by x.
9
Suppose 0*r + 23 = 5*r + 4*c, 4*r + 4*c = 20. Suppose -2*f - b + 59 = 0, -85 = -r*f + 2*b - 0. What is the remainder when f is divided by 15?
14
Suppose -2*u = 4, -31 = -h - u - u. Calculate the remainder when h is divided by 9.
8
Let v(n) = n**3 + 9*n**2 + 7*n - 8. Let a(r) = 4*r - 6. What is the remainder when v(-7) is divided by a(5)?
13
Suppose -26 = -2*j + 3*q + 11, -j + 13 = 4*q. Calculate the remainder when j is divided by 5.
2
Suppose k + 2*f + 2 = 0, -7*f - 20 = -2*f. Calculate the remainder when 49 is divided by 68/(-6)*k/(-4).
15
Let c = -78 - -35. Calculate the remainder when 20 is divided by 4/16 + c/(-4).
9
Suppose 1 = 2*f + 4*v + 3, f = -v + 4. Suppose -f = -n + 3. Calculate the remainder when 22 is divided by n.
10
Let m(t) = -t**3 + t**2 - 3*t - 3. Calculate the remainder when 4 is divided by m(-1).
0
Suppose -5*s + 0*x - x = -16, 5*s = -4*x + 19. Calculate the remainder when 6 is divided by s.
0
Let t = 27 - 15. What is the remainder when 46 is divided by t?
10
Suppose -4*m + 20 = 0, l - 42 = -3*m + 17. What is the remainder when l is divided by 12?
8
What is the remainder when 14 is divided by -8 + 11 - (-2)/3*3?
4
Let s = 5 - 0. Suppose -129 = -s*o - 39. Calculate the remainder when o is divided by 5.
3
Suppose -2*g + 18 = 4. Calculate the remainder when g is divided by 3.
1
Suppose -6 = -2*t - t. Suppose -6 + 0 = -2*v. Let u = v + -1. What is the remainder when u is divided by t?
0
Suppose 0 = -0*l - 3*l + 3. Calculate the remainder when 39 is divided by -3 - -23*(2 - l).
19
Let n = 10 + -6. Suppose -n*x + 90 = -2*x. Suppose x = 6*w - w. Calculate the remainder when 25 is divided by w.
7
Let c be (-24)/(-16) - (-42)/4. Suppose -c = 5*o - 32. What is the remainder when 12 is divided by o?
0
Calculate the remainder when -3*(-454)/18*3 is divided by 46.
43
What is the remainder when 12 is divided by 6*(-4)/((-24)/5)?
2
Suppose -h + 11 = 2*s, 4*h - 6*s - 70 = -s. Suppose -7*r + 149 = -2*r + 2*v, 0 = 5*v + h. Calculate the remainder when r is divided by (-1*1 - -17) + 0.
15
Suppose -12 = 4*f, -5*s + f - 2*f - 18 = 0. Calculate the remainder when 4*(s + (-26)/(-8)) is divided by 1.
0
Suppose -7 = -4*s + 3*s. Let v(i) = -i**2 + i + 6. What is the remainder when 2/(-7) + 79/s is divided by v(0)?
5
Let r(k) be the third derivative of -k**5/60 - k**4/8 + 7*k**3/6 - 2*k**2. Let y be r(-5). What is the remainder when 19 is divided by (-32)/y - 6/9?
9
Suppose -4*c + 2*c = -54. Let o(q) be the second derivative of -q**3/3 - q**2 - 2*q. Calculate the remainder when c is divided by o(-8).
13
Suppose n - 23 = -2. What is the remainder when 18 is divided by n/6 - 3/(-6)?
2
Let y(j) = 6*j + 38. Calculate the remainder when y(4) is divided by 32.
30
Let f(a) = a**3 + 5*a**2 - 12*a - 7. What is the remainder when 86 is divided by f(-6)?
28
Calculate the remainder when 26 is divided by ((-6)/(-12))/((-1)/(-14)).
5
Suppose -2*n - 48 = -4*g, 0*g + g + 2 = 0. Let r be n + 6/(6/2). Let l = 97 + r. Calculate the remainder when l is divided by 24.
23
Suppose -3*i = -h + 2*i, -4*i = 2*h. What is the remainder when 61 is divided by 108/6 + (h - -3)?
19
Let i = -2 - -4. Suppose 0 = i*s - 228 + 80. What is the remainder when s is divided by 19?
17
Let c = 3 + 6. Suppose -4*u = 4*j + 4, -4*j + 2 = 2*u - 6. What is the remainder when u/4*-12 + -1 is divided by c?
8
Let w = 13 + -16. What is the remainder when (4 - 3)*w + 12 is divided by 5?
4
Suppose -28*l + 2*f + 18 = -24*l, -5*l - f = -5. Suppose -2*j = -2*g - 10, 0*j + g = -4*j + 10. Calculate the remainder when j is divided by l.
1
Suppose a + p - 52 = -2*a, 4*a - 4*p - 48 = 0. Let t = a - 9. What is the remainder when 26 is divided by t?
5
Let t(p) = 5*p**2 + 2*p - 3. Let k be t(-6). Suppose -7*o + k = -38. Calculate the remainder when o is divided by 16.
13
Let h = -5 - -10. Suppose a + 3*a + 4*m = 0, h*m = -10. Suppose 0 = 4*s + a - 14. What is the remainder when s is divided by 2?
1
Calculate the remainder when 0 + 1 + -8 + 19 is divided by 8.
4
Let s(x) = -x + 39. What is the remainder when 154 is divided by s(13)?
24
Let u(b) = b**2 - 2*b - 5. Let w be (3 - -3)/((-3)/(-3)). What is the remainder when (2/(-1))/((-1)/18) is divided by u(w)?
17
Let y = 18 + -26. Let a = y - -13. What is the remainder when a is divided by 2?
1
Suppose -n = 2*n - 6. Suppose -n*c = 2*c - 16. Suppose 197 - 27 = 3*i + 4*m, c*m + 80 = 2*i. Calculate the remainder when i is divided by 17.
16
Suppose 5 = 5*s + 6*u - u, 0 = -3*s - u + 5. Suppose -m + 8 = 3*r, 0 = -s*r - m + 2*m + 12. Calculate the remainder when r is divided by (-1 - 1) + (7 - 2).
1
Let g = 113 + -98. Suppose 5*p = -a + 26, -6*p - 4*a + 2 = -3*p. What is the remainder when g is divided by p?
3
Let u = 86 + -19. Let t = -33 + u. Calculate the remainder when t is divided by 2/5*60/2.
10
Let t = 5 - 1. Suppose 4*g + 6 = -6, t*g = 5*n - 37. Suppose -107 = -3*b - 5*j, 